 greatest common factor of 1250682024 and 61.
61
Calculate the greatest common factor of 6357 and 793.
13
What is the highest common factor of 28673585 and 8361?
929
What is the highest common divisor of 47909250 and 1284?
642
Calculate the highest common divisor of 3420 and 2815740.
180
What is the greatest common divisor of 12221 and 987481?
121
What is the greatest common divisor of 1020655064 and 222?
74
What is the greatest common factor of 278 and 82230454?
278
What is the greatest common factor of 1854944 and 1404928?
10976
Calculate the greatest common factor of 209 and 19131575.
19
Calculate the highest common factor of 5 and 695758.
1
Calculate the greatest common divisor of 4687644 and 181090.
5174
What is the highest common divisor of 1586 and 6499001?
61
Calculate the greatest common divisor of 222392583 and 18.
9
Calculate the highest common factor of 218948457 and 57.
57
Calculate the greatest common divisor of 519444 and 19916932.
1228
Calculate the greatest common factor of 51075706 and 154.
22
Calculate the highest common factor of 14895 and 31305.
15
Calculate the highest common factor of 1191 and 52967343.
1191
Calculate the highest common factor of 105391 and 91.
13
What is the highest common factor of 53768 and 2765048?
1144
Calculate the highest common factor of 13191541 and 8109.
901
Calculate the greatest common divisor of 43827576 and 1248.
312
Calculate the greatest common factor of 2386250355 and 435.
435
Calculate the highest common divisor of 3386784 and 36.
12
Calculate the highest common divisor of 168 and 22688232.
168
What is the highest common factor of 543552 and 24396?
228
What is the highest common divisor of 126553 and 52273907?
1253
Calculate the highest common divisor of 351 and 9049347.
27
Calculate the highest common factor of 64764158 and 254.
254
Calculate the highest common factor of 379262 and 969644.
754
Calculate the highest common factor of 1295 and 238210.
35
Calculate the greatest common factor of 104634 and 41562.
18
Calculate the greatest common divisor of 123855927 and 78.
39
Calculate the highest common divisor of 105750476 and 2756.
2756
What is the greatest common factor of 8939403 and 632?
79
Calculate the highest common divisor of 224884080 and 30240.
2160
Calculate the greatest common divisor of 426 and 17904638.
142
What is the highest common factor of 2660 and 16441840?
380
What is the highest common divisor of 5934 and 37083544?
1978
What is the highest common divisor of 161174060 and 53?
53
Calculate the highest common factor of 23881 and 502073.
143
Calculate the greatest common factor of 7893 and 56212192.
877
What is the greatest common factor of 424 and 111911779?
53
What is the greatest common divisor of 8015 and 29715?
35
Calculate the greatest common divisor of 3996 and 910548.
108
Calculate the highest common factor of 22376 and 616.
8
What is the highest common factor of 12618720 and 391920?
5520
What is the highest common divisor of 247050 and 643550?
3050
Calculate the highest common factor of 3759764 and 2047.
23
What is the greatest common factor of 352761 and 615?
3
Calculate the greatest common divisor of 508 and 309779416.
508
Calculate the greatest common factor of 10788 and 50438424.
348
Calculate the greatest common divisor of 2924 and 72087264.
172
What is the highest common divisor of 47354506 and 56927?
4379
Calculate the highest common divisor of 64602 and 2030598.
1746
Calculate the greatest common divisor of 6492 and 221907921.
1623
What is the greatest common divisor of 23274 and 3134511?
27
What is the highest common factor of 44748055 and 440?
55
What is the greatest common factor of 1756 and 23967644?
1756
Calculate the greatest common divisor of 3636 and 4914963.
909
Calculate the greatest common factor of 97400 and 35400.
200
What is the highest common factor of 32142 and 68046?
66
What is the greatest common divisor of 16998 and 109767418?
5666
Calculate the greatest common factor of 30233 and 34741.
49
What is the greatest common factor of 3355 and 852381365?
3355
Calculate the highest common divisor of 1064 and 1764952.
56
Calculate the highest common divisor of 13818035 and 2660.
665
Calculate the greatest common divisor of 95565 and 88665.
345
Calculate the highest common factor of 105824175 and 45.
15
Calculate the greatest common factor of 263926 and 1742.
26
What is the highest common divisor of 1005636 and 1092516?
2172
What is the highest common divisor of 4130 and 13668530?
590
What is the greatest common factor of 63 and 7937951?
7
Calculate the greatest common divisor of 144 and 49349052.
36
Calculate the highest common factor of 777196 and 90692.
1148
What is the greatest common divisor of 67203 and 6213?
57
What is the highest common divisor of 4097 and 6346253?
4097
Calculate the greatest common factor of 5170 and 55548031.
517
Calculate the greatest common factor of 15666152 and 3776.
472
What is the highest common divisor of 522 and 34941528?
18
Calculate the greatest common divisor of 244270 and 28964785.
9395
What is the greatest common divisor of 1204424106 and 977?
977
What is the greatest common divisor of 13746029 and 42040?
1051
What is the greatest common factor of 61 and 36463787?
61
What is the highest common divisor of 20233080 and 24?
24
What is the greatest common factor of 109477146 and 6?
6
Calculate the highest common divisor of 311873 and 718429.
37
Calculate the highest common factor of 332280 and 17695080.
4680
Calculate the greatest common divisor of 673712 and 3328.
208
What is the greatest common factor of 12857967 and 1542?
771
What is the highest common factor of 23144990 and 21692?
374
What is the highest common divisor of 18 and 22266861?
3
What is the greatest common factor of 153626 and 27876136?
13966
What is the highest common factor of 6 and 22011846?
6
Calculate the greatest common divisor of 182 and 6402123.
91
Calculate the highest common divisor of 1149540 and 166566.
2346
Calculate the highest common factor of 15895975 and 52525.
4775
Calculate the greatest common divisor of 1590237 and 3564.
99
What is the greatest common factor of 14292 and 4950?
18
What is the greatest common divisor of 3689 and 1914808?
217
Calculate the highest common divisor of 2223 and 58455039.
57
Calculate the highest common divisor of 238 and 10411191.
119
What is the greatest common divisor of 99 and 2054664?
9
What is the greatest common factor of 6531 and 59423703?
933
Calculate the greatest common divisor of 46292931 and 29899.
1031
What is the highest common factor of 566669780 and 3020?
3020
Calculate the highest common factor of 33 and 419043.
3
Calculate the highest common divisor of 65 and 8745698.
13
Calculate the highest common factor of 53960070 and 18.
6
Calculate the highest common factor of 1479 and 208624.
17
Calculate the highest common divisor of 1030936 and 62.
62
What is the highest common divisor of 2181 and 58373011?
727
Calculate the highest common factor of 2677711 and 1322.
661
Calculate the greatest common factor of 128208 and 114433653.
8013
What is the greatest common divisor of 928355 and 109228?
83
Calculate the highest common factor of 9459786 and 2958.
102
Calculate the greatest common divisor of 47688655 and 2975.
595
What is the highest common factor of 693 and 240291?
9
Calculate the highest common factor of 1844147981 and 299.
299
What is the highest common divisor of 66238592 and 54880?
1568
Calculate the highest common divisor of 14249286 and 594.
18
What is the highest common factor of 12192 and 47244?
1524
What is the highest common factor of 6331 and 680758?
13
What is the greatest common divisor of 13690 and 134413896?
2738
Calculate the greatest common factor of 686 and 207578.
14
Calculate the greatest common divisor of 2658598 and 56129.
1369
What is the highest common factor of 1616 and 28134560?
1616
Calculate the highest common divisor of 27764854 and 3016.
26
What is the highest common factor of 2989865 and 490255?
6905
Calculate the highest common divisor of 18 and 1308224466.
18
Calculate the highest common divisor of 6069 and 183403157.
2023
Calculate the greatest common divisor of 96 and 2990226.
6
Calculate the highest common divisor of 259 and 222939689.
259
Wh